1
List the prime factors of 148134.
2, 3, 7, 3527
List the prime factors of 868331.
868331
What are the prime factors of 485791?
457, 1063
What are the prime factors of 497840?
2, 5, 7, 127
What are the prime factors of 10470189?
3, 29, 151, 797
What are the prime factors of 312974?
2, 156487
What are the prime factors of 1533506?
2, 13, 349
What are the prime factors of 5677874?
2, 2838937
What are the prime factors of 1145821?
43, 26647
List the prime factors of 3178093.
47, 67619
List the prime factors of 2675545.
5, 17, 31477
What are the prime factors of 1227147?
3, 97, 4217
What are the prime factors of 4695375?
3, 5, 19, 659
List the prime factors of 394666.
2, 41, 4813
What are the prime factors of 81322?
2, 73, 557
List the prime factors of 932675.
5, 37307
List the prime factors of 144516.
2, 3, 12043
List the prime factors of 842061.
3, 11, 17, 19, 79
List the prime factors of 421489.
521, 809
What are the prime factors of 1314367?
29, 61, 743
What are the prime factors of 2813726?
2, 109, 12907
List the prime factors of 584174.
2, 19, 15373
List the prime factors of 16714359.
3, 1857151
What are the prime factors of 1610043?
3, 317, 1693
List the prime factors of 289734.
2, 3, 43, 1123
List the prime factors of 13358241.
3, 13, 29, 31, 127
What are the prime factors of 2780998?
2, 11, 83, 1523
What are the prime factors of 3860352?
2, 3, 1117
List the prime factors of 557303.
557303
List the prime factors of 14920616.
2, 29, 73, 881
List the prime factors of 41009071.
59, 695069
What are the prime factors of 1501150?
2, 5, 7, 4289
What are the prime factors of 109557?
3, 7, 37, 47
What are the prime factors of 688190?
2, 5, 68819
List the prime factors of 910145.
5, 182029
What are the prime factors of 287916?
2, 3, 23993
List the prime factors of 41171417.
7, 37, 22709
What are the prime factors of 480965?
5, 29, 31, 107
What are the prime factors of 7938852?
2, 3, 31, 21341
List the prime factors of 1021948.
2, 255487
What are the prime factors of 494239?
509, 971
List the prime factors of 1559526.
2, 3, 61, 4261
List the prime factors of 168000.
2, 3, 5, 7
List the prime factors of 539689.
73, 7393
What are the prime factors of 133031?
151, 881
What are the prime factors of 287530?
2, 5, 28753
What are the prime factors of 166896?
2, 3, 19, 61
What are the prime factors of 5671?
53, 107
What are the prime factors of 1177053?
3, 392351
List the prime factors of 4049515.
5, 809903
List the prime factors of 136251.
3, 15139
List the prime factors of 55738.
2, 29, 31
List the prime factors of 2134573.
7, 61, 4999
List the prime factors of 725750.
2, 5, 2903
What are the prime factors of 979312?
2, 97, 631
List the prime factors of 16278231.
3, 17, 19, 107, 157
List the prime factors of 323628.
2, 3, 149, 181
What are the prime factors of 11746560?
2, 3, 5, 7, 19, 23
List the prime factors of 558977.
17, 131, 251
What are the prime factors of 4561135?
5, 912227
What are the prime factors of 2219413?
7, 139, 2281
What are the prime factors of 461354?
2, 389, 593
List the prime factors of 878326.
2, 439163
List the prime factors of 7881890.
2, 5, 788189
What are the prime factors of 614387?
614387
List the prime factors of 1002473.
17, 109, 541
What are the prime factors of 145479?
3, 71, 683
List the prime factors of 243923.
353, 691
What are the prime factors of 6000727?
1543, 3889
What are the prime factors of 251605?
5, 50321
List the prime factors of 3601026.
2, 3, 11, 13, 1399
List the prime factors of 10576341.
3, 1175149
What are the prime factors of 110152?
2, 7, 281
What are the prime factors of 183965?
5, 36793
List the prime factors of 7266084.
2, 3, 7, 86501
List the prime factors of 5577674.
2, 587, 4751
What are the prime factors of 2122455?
3, 5, 141497
List the prime factors of 4008179.
7, 572597
List the prime factors of 750464.
2, 11, 13, 41
List the prime factors of 14476959.
3, 7, 23, 97, 103
What are the prime factors of 683389?
7, 233, 419
List the prime factors of 14211216.
2, 3, 98689
What are the prime factors of 353330?
2, 5, 89, 397
List the prime factors of 814914.
2, 3, 15091
What are the prime factors of 372274?
2, 7, 26591
List the prime factors of 421082.
2, 173, 1217
List the prime factors of 462216.
2, 3, 19259
What are the prime factors of 1996271?
211, 9461
List the prime factors of 2430570.
2, 3, 5, 81019
List the prime factors of 25143442.
2, 17, 739513
What are the prime factors of 1320481?
19, 69499
List the prime factors of 2513885.
5, 11, 45707
List the prime factors of 5573628.
2, 3, 154823
List the prime factors of 970924.
2, 242731
What are the prime factors of 98190?
2, 3, 5, 1091
What are the prime factors of 187752?
2, 3, 7823
What are the prime factors of 1530061?
13, 37, 3181
What are the prime factors of 1593947?
1593947
List the prime factors of 6469606.
2, 11, 13, 22621
What are the prime factors of 232495?
5, 46499
List the prime factors of 1027614.
2, 3, 7, 43, 569
What are the prime factors of 2389438?
2, 373, 3203
List the prime factors of 3191973.
3, 41, 25951
What are the prime factors of 13220476?
2, 3305119
What are the prime factors of 251187?
3, 101, 829
List the prime factors of 385461.
3, 42829
What are the prime factors of 1511895?
3, 5, 7, 11, 17
What are the prime factors of 11556409?
11556409
What are the prime factors of 1992178?
2, 67, 14867
List the prime factors of 135579.
3, 43, 1051
List the prime factors of 136964.
2, 97, 353
What are the prime factors of 3296762?
2, 7, 235483
What are the prime factors of 562528?
2, 17579
List the prime factors of 10100.
2, 5, 101
What are the prime factors of 10916443?
37, 295039
List the prime factors of 567660.
2, 3, 5, 9461
What are the prime factors of 41731?
29, 1439
What are the prime factors of 2661425?
5, 13, 19, 431
What are the prime factors of 747934?
2, 11, 33997
What are the prime factors of 12262340?
2, 5, 67, 9151
List the prime factors of 83188.
2, 7, 2971
List the prime factors of 3127053.
3, 53, 71, 277
List the prime factors of 33568884.
2, 3, 310823
List the prime factors of 565626.
2, 3, 31, 3041
List the prime factors of 6520813.
13, 501601
What are the prime factors of 6555?
3, 5, 19, 23
List the prime factors of 438290.
2, 5, 41, 1069
What are the prime factors of 1020916?
2, 13, 29, 677
List the prime factors of 237680.
2, 5, 2971
List the prime factors of 64466.
2, 32233
What are the prime factors of 1058866?
2, 37, 41, 349
List the prime factors of 685136.
2, 42821
What are the prime factors of 682625?
5, 43, 127
List the prime factors of 425348.
2, 7, 11, 1381
What are the prime factors of 141447?
3, 47149
What are the prime factors of 597806?
2, 11, 29, 937
What are the prime factors of 663089?
7, 94727
List the prime factors of 1242422.
2, 59, 10529
What are the prime factors of 3880079?
7, 37, 71, 211
What are the prime factors of 6717121?
2267, 2963
List the prime factors of 81767.
7, 11681
List the prime factors of 2535327.
3, 93901
List the prime factors of 1782105.
3, 5, 13, 19, 37
What are the prime factors of 12539353?
17, 229, 3221
What are the prime factors of 4930853?
43, 114671
What are the prime factors of 596074?
2, 491, 607
List the prime factors of 28811153.
7, 4115879
List the prime factors of 11597855.
5, 337, 6883
What are the prime factors of 132760?
2, 5, 3319
List the prime factors of 1315018.
2, 17, 38677
List the prime factors of 433189.
101, 4289
What are the prime factors of 2406222?
2, 3, 7, 13, 113
What are the prime factors of 2710944?
2, 3, 9413
What are the prime factors of 9400362?
2, 3, 199, 7873
List the prime factors of 138232.
2, 37, 467
List the prime factors of 175704.
2, 3, 7321
List the prime factors of 478107.
3, 7, 7589
What are the prime factors of 325560?
2, 3, 5, 2713
List the prime factors of 23467555.
5, 181, 25931
List the prime factors of 96990.
2, 3, 5, 53, 61
List the prime factors of 7989084.
2, 3, 73973
What are the prime factors of 2962629?
3, 179, 613
List the prime factors of 1147602.
2, 3, 17, 11251
What are the prime factors of 4139490?
2, 3, 5, 137983
List the prime factors of 368030.
2, 5, 13, 19, 149
List the prime factors of 1086763.
1086763
What are the prime factors of 273168?
2, 3, 7, 271
List the prime factors of 275379.
3, 13